 y(z)?
-7
Let o(f) be the third derivative of f**7/840 + f**6/72 + 5*f**4/24 - 5*f**3/2 - 40*f**2. Let c(q) be the first derivative of o(q). What is c(-5)?
5
Let u = -9 - -12. Let m(f) = 2 + 2 - u - 5*f. Give m(-1).
6
Let m = -462 + 461. Let g(w) = 15*w. What is g(m)?
-15
Let j = -15 + 21. Let r(a) = 9*a - 7. Let y(k) = 4*k - 4. Let b = 84 - 79. Let t(d) = b*y(d) - 2*r(d). Give t(j).
6
Let o = 17 + -18. Let j be -6*(o - (-4)/12). Let f(c) = -c. Calculate f(j).
-4
Let b(s) = -326*s**2 - 7*s + 327*s**2 - 7 - 5. Calculate b(8).
-4
Let f(u) = -u**2 + 8*u + 1. Let i be f(11). Let c be (0/(-1) + 1)*i/8. Let a(v) = -v**2 - 3*v - 3. Give a(c).
-7
Suppose -v - 5*y + 6 = 15, 0 = 2*y + 4. Suppose 8 = 9*b - v. Let x(h) = 16*h. What is x(b)?
16
Let u be (-8)/14 + 991/7 + -8. Let o = u - 134. Let m(i) be the first derivative of -4*i**2 + 2. Determine m(o).
8
Let s(y) = y**3 - 5*y**2 + 5*y + 1. Let k(p) = -p**3 + 13*p**2 + p - 19. Let f be k(13). Let b(m) = -m**3 - 7*m**2 - 7*m - 2. Let h be b(f). What is s(h)?
5
Let z(o) = o**3 - 7*o**2 + 5*o + 7. Suppose 9*m - 10 = 4*m. Let n be m/4*(-108)/(-9). Calculate z(n).
1
Let t(p) = 2*p + 8. Let b(v) = v + 3. Let y(s) = -7*b(s) + 4*t(s). Determine y(0).
11
Let j(h) be the second derivative of h**5/20 + h**4/3 - 7*h**3/6 - h**2 + h. Suppose 67*b - 65*b = p - 3, 12 = -3*b. Give j(p).
8
Let r(a) = 2*a**2 - 1. Let w(f) = f**3 + 2*f**2 - 1. Let b be w(1). Let i be (2 + -2 - -1) + b. Calculate r(i).
17
Let v(d) = 5*d + 17. Let a(c) = -c - 1. Let q(b) = 4*a(b) + v(b). Calculate q(-8).
5
Let a(m) = 5*m + 1. Let i(y) = -14*y - 4. Let x(v) = v. Let k(g) = i(g) - 2*x(g). Let j(q) = 10*a(q) + 3*k(q). Determine j(5).
8
Let v(w) = -2*w**2 - 4 + 3*w**2 + 0*w**2. Let n(f) = 2*f + 4. Let h be n(-4). Let c be (13/(-12) - h/12)*-4. Calculate v(c).
5
Suppose -3*m = u + 31, 0 = 4*m - 0*u - 2*u + 38. Let c = -5 - m. Suppose -3*t - 2 = -c*f, -t + f = 2*f - 10. Let q(n) = -n**3 + 6*n**2. What is q(t)?
0
Suppose -615 = 14*d - 19*d. Let p(j) = 6 + j**2 + d*j + 2 - 115*j. Let v(r) = -r - 1. Let q be v(5). Give p(q).
-4
Let u(y) = 5*y - 3. Let o(v) = -3*v + 2. Let q(c) = -7*o(c) - 4*u(c). Suppose 5*f + 5 - 1 = l, -5*l = 4*f + 38. What is q(l)?
-8
Let w be (3 - (-3 + 8))/1. Let n(p) = -p**3 - 2*p**2 + 3*p + 1. Let a be n(w). Let d(l) = l**3 + 6*l**2 + 5*l + 4. What is d(a)?
4
Suppose 4*w + 3*o - 15 = -40, -12 = 4*o. Let l(j) = j**3 + 3*j**2 + 3*j - 4. Calculate l(w).
-32
Let x(t) = -t**3 - 5*t**2 + t - 1. Suppose -3*j - 24 = 4*f, 4*j + 7 = 3*f - 0*j. Let q be -7 + 6/f + 4. Give x(q).
-6
Suppose 3*i + 10 = -4*s - 28, -4*i - 4*s = 48. Let a(n) = n**2 + 9*n - 13. What is a(i)?
-3
Let s(y) be the second derivative of -13*y + 0 + 3/2*y**2 - 2/3*y**3. Give s(-7).
31
Suppose -16*j = -12*j - 16. Suppose 3*y = -0*y - 2*s + 2, -y + s = -j. Let b(a) = -1 + 0*a**2 - a**2 + 2*a**2 - 3*a**2 + 2*a. Determine b(y).
-5
Let d(p) = -p**3 - 6 + 9*p**2 - 8*p**2 - p**2 + 8*p + 8*p**2 + p. What is d(9)?
-6
Let i(q) = -4*q**2 - 47*q + 8. Let b(o) = -4*o - 100. Let s be b(-22). What is i(s)?
-4
Let g = 9 - 6. Let n(l) = 2*l - 4*l**g + 5*l**3 - 3*l - 8*l**2 + 5. Suppose r - 97 = -4*d - 64, 2*r + 30 = 4*d. Determine n(d).
-3
Let b(f) be the third derivative of -f**6/120 + f**5/6 - f**4/24 + 2*f**3 + 109*f**2. What is b(10)?
2
Let w be 2/2 + 2 + (-5)/5. Let x(u) = 9*u - 5*u - 3*u + u**2 - 2*u**w. Determine x(1).
0
Let f(k) = -3 + 267*k + 271*k - 531*k - k**2. Calculate f(7).
-3
Let n = -27 + 15. Let f = 17 + n. Let g(y) = 11*y**2 + 12*y + 5. Let v(p) = 2*p**2 + p + 1. Let z(j) = g(j) - 6*v(j). Determine z(f).
4
Let l = 107 + -102. Suppose 0 = -n + 5*g + 8, 3*g - 4 = l*g. Let a(i) = -i**2 - 1. What is a(n)?
-5
Let o(x) = 15*x**3 - x**2. Suppose 10*h - 3 = 7*h. What is o(h)?
14
Let k(x) be the second derivative of -x**5/20 - x**4/6 + 2*x**3/3 + 2*x**2 - 5*x. Let u = 19 + -24. Let f = 2 + u. Calculate k(f).
1
Let w(b) be the first derivative of b**2/2 + 2*b - 290. What is w(2)?
4
Let k(n) = n**3 + 4*n**2 - 2*n - 6. Let p = 22 + -13. Let v = p + -14. What is k(v)?
-21
Let w(x) = 7*x**3 - 2*x**2 - x + 4. Let t(f) be the second derivative of -3*f**5/10 + f**4/4 - 5*f**2/2 + 4*f. Let c(p) = 6*t(p) + 5*w(p). Determine c(7).
4
Suppose 0 = -5*u - 0*u + s + 38, -5 = u + 4*s. Let l(g) = 2*g - 3. Let z(n) = -2*n + 3. Let v(c) = 4*l(c) + 5*z(c). Determine v(u).
-11
Let o(x) = -2*x + 4. Let c be ((-6)/(-4))/(1*(-15)/(-50)). What is o(c)?
-6
Let g = 22 - 13. Let w(v) be the first derivative of 6*v**2 + 0*v - 3*v**2 - g*v - 3 - 4*v**2. Give w(-6).
3
Suppose 3*v + 4*j = 6*v + 25, j - 7 = v. Let x(w) = -3*w**2 + w + 7. What is x(v)?
-23
Let v(w) be the second derivative of -w**6/360 + w**5/30 + w**4/8 - 3*w**3 - 19*w. Let y(b) be the second derivative of v(b). Determine y(-2).
-9
Let f(y) = -2756 - 3*y**2 - 2*y**3 + 5*y + y**3 - 4*y + 2751. Give f(-3).
-8
Let g(o) = 4*o + 14 - 6 - 6 - 5. Determine g(-3).
-15
Suppose 2*f = -6*f + 64. Let k(j) = 11*j**2 + 26*j - 3. Let h(s) = -7*s**2 - 17*s + 2. Let d(z) = f*h(z) + 5*k(z). Calculate d(-5).
6
Let v be (90/(-24))/(6/(-8)). Suppose -v*g = -g - 4. Let p = 3 + g. Let q(z) = -z**3 + 4*z**2 - z + 2. Give q(p).
-2
Let d = 22 + -15. Let n(c) = -21*c**2 + 3 + 22*c**2 - d. Calculate n(3).
5
Let s be 1*(2 - 6) - -8. Let z(y) = 5*y - 16. Let x be z(s). Let f(i) = 2*i - 9. Let l(m) = -m + 5. Let g(r) = -3*f(r) - 5*l(r). Calculate g(x).
-2
Let h(f) be the second derivative of -f**3/6 + 2*f**2 + 9*f. Let s = -28 - -14. Let x be (-81)/(-15) - s/(-35). Determine h(x).
-1
Let u be (-1)/2 + 63/18. Let p(z) = -3 + 0*z - 6*z + u*z + 2*z. Give p(9).
-12
Let h(v) = 0*v**2 + v**2 + 95 - v + 84 - 156. Calculate h(0).
23
Suppose s - 2*t - 21 = t, -4*s = -3*t - 75. Let w(o) = 36 - s - 20 + 2*o. Calculate w(5).
8
Let q(m) = -4*m + 3. Let w(z) = 11*z - 10. Let s be ((-14)/8)/((-2)/(-8)). Suppose b - 2 = 0, 5*b - 8 = 5*i + 12. Let j(g) = i*w(g) + s*q(g). What is j(2)?
11
Let g(u) be the first derivative of -2*u**2 + u - 2. Let m be g(1). Let v(a) be the second derivative of a**3/6 + a**2 - 53*a. Determine v(m).
-1
Suppose 4*c + i = -267, 0*c = 3*c + i + 201. Let d be (-40)/22 + 4*3/c. Let u(m) = -m - 2*m - 3*m. What is u(d)?
12
Let h(p) = -3. Let u(i) = -3*i + 2. Let k(s) = h(s) + u(s). Give k(-1).
2
Let o(p) = p**2 + p + 2. Let c be (3/(-9))/(2/(-258)). Suppose -3*z - 13 = -c. Suppose 0 = 13*l - z*l + 9. What is o(l)?
8
Let o = -5 + 7. Let i(t) = t + 0*t - 1 - o*t + 0. Calculate i(-3).
2
Let y(d) = -6*d + 3. Let a(l) = 6*l - 2. Let r(w) = 4*a(w) + 3*y(w). Let s be 3*((-4)/3 - -1). Give r(s).
-5
Let a be (3 + 1/(-1))/1. Suppose 5*v = u + 2*u - 26, -4*v + a*u = 20. Let q(b) = -b**3 - 4*b**2 - b + 4. Calculate q(v).
8
Let s(d) = 7*d + 20. Let b be s(-4). Let u(i) = -2*i**2 - 17*i - 9. Determine u(b).
-1
Suppose -2*k + 374*u + 7 = 377*u, 3*k + 2*u = 18. Let q(i) be the third derivative of i**4/24 - 2*i**3/3 - i**2. What is q(k)?
4
Let s(l) = l - 8. Let v(n) = 7*n - 13. Let c(q) = 3*q - 7. Let y(p) = 5*c(p) - 2*v(p). Let w(m) = 3*s(m) - 2*y(m). What is w(6)?
0
Let d be 6/9 - 4/(-3). Let y(k) be the first derivative of k**3/3 + k**2/2 - 2*k - 648. What is y(d)?
4
Let b(d) = -13*d - 3. Let c(x) = -20*x + 138. Let y be c(7). What is b(y)?
23
Let k(y) = y + 13 + 5 - 1. Let r be 0/((-602)/473 - (-6)/22). Determine k(r).
17
Let y(b) = -b**2 + b - 5. Suppose 92 = 4*v - 27*v. Determine y(v).
-25
Suppose 3*a - 8 - 10 = 0. Suppose k = 2*h - 10, 2*k + 8 + a = 2*h. Suppose w - 31 = 3*f - 10, -2*f - h*w - 14 = 0. Let g(n) = n**2 + 7*n - 4. What is g(f)?
-4
Let a(t) = 3*t + 4. Let s be a(3). Let v = s - 13. Let f(w) = 2 + 2*w - w + 5 - 2. Calculate f(v).
5
Let v(a) = -4*a - 4. Suppose -52*f + 38*f + 28 = 0. What is v(f)?
-12
Suppose 2*y = y + 5. Suppose 3*t = 2*c + 2, 0 = -y*c + 3*t + 1 + 3. Let z(j) = 2 + c*j + 0 - 4. Calculate z(4).
6
Let v(t) = 8*t + 141. Let z be v(-16). Let a(x) = -x**2 + 13*x + 1. Give a(z).
1
Let x(j) = j - 8. Suppose 2*s - 7 = 67. Suppose -4*r + s = -3*h, -r - r + 4*h = -16. Give x(r).
2
Suppose 622*n = 604*n - 72. Let u(g) be the first derivative of g**2/2 + 5*g + 1. Determine u(n).
1
Suppose 0 = -39*w + 41*w - 3*m + 9, -4*m + 20 = -4*w. Let u(k) = k**2 + 4*k + 5. Calculate u(w).
17
Let j(a) = -a + 45. Let l(w) = -44. Let g(v) = 4*j(v) + 5*l(v). Let b be g(-1